 = y**2 - 3*y + 2. What is h(q)?
0
Suppose -5*y - 2*d = -0*d - 40, 0 = 5*d + 25. Let j = -7 + y. Suppose 0 = w + 2*z + 3, 0 = -3*w - 5*z + j - 8. Let h(i) = i**2 - 3*i - 6. Calculate h(w).
4
Suppose -3*k - k = 8. Let t(y) = 5 - 34*y - 2 + y**2 + 37*y. Determine t(k).
1
Let v(o) = o + 4*o - o - 3*o + 2. Determine v(0).
2
Let v(m) be the third derivative of -m**4/3 + m**3/6 + 38*m**2. Calculate v(1).
-7
Let u(i) be the second derivative of 5*i**3/6 + i**2/2 + 5*i. Let f be 0 + (2 - (2 - 1)). Give u(f).
6
Suppose 4*x - 7 - 9 = 0. Let m(k) = k**2 - 2*k - 5. Let b be m(x). Suppose 0*c = -b*c. Let q(n) = -n**2 + 6. What is q(c)?
6
Let w be (-60)/10*8/(-6). Let x(s) = -w + 8*s - 1 - 2 - 9*s. Determine x(-8).
-3
Let c(p) = 4*p**3 + 15*p**2 + 10*p - 2. Let l(j) = j**3 + j**2 + 2*j. Let s(r) = c(r) - 5*l(r). Calculate s(10).
-2
Let y(r) = -r**2 - 2. Let u(w) = -w**2 + w - 2. Let k(d) = -6*u(d) + 7*y(d). Calculate k(-3).
7
Let d(p) = 2*p**3 - 1 - 5*p**3 + 2*p**2 + 2*p**3. Suppose 0 = o - 6 + 2. Suppose -13 = -5*c + o*h, 0 = c - 5*c - 5*h - 6. Give d(c).
0
Let r be (1 - -1)*5/10. Suppose 4*u - 6 - 2 = 0. Let n(v) = 1 - u*v**2 - 2*v**3 + v + 7*v**3 - v. Calculate n(r).
4
Suppose 8 = -3*a + 4*b, -b = a - 3*b + 6. Let q(f) = f**2 - 4*f + 3. Let n be q(4). Let i(w) = -1 - w**2 + n*w + 0*w**2 + 3*w. Determine i(a).
7
Let i(a) = -3*a - 2. Let r(t) = 2*t - 5. Let y(n) = 2*n - 6. Suppose 0 = k + 6 + 1. Let b(g) = k*r(g) + 6*y(g). Let w(j) = -7*b(j) + 4*i(j). Give w(-1).
-3
Let x(n) be the second derivative of -n**8/6720 + n**7/840 + n**6/240 - n**5/30 + 5*n**4/12 + 2*n. Let u(g) be the third derivative of x(g). What is u(4)?
-8
Let x(q) = -3*q - 6. Let h(u) = 2*u + 7. Let p(l) = l**2 - 9*l + 1. Let a be p(8). Let v be h(a). Let c = v - -3. Determine x(c).
6
Let u(q) = q**2 - 7*q + 5. Let y(k) = -k**2 + 7*k - 5. Let d(j) = -4*u(j) - 5*y(j). Let f = -9 + 19. Let p be f/3*(-3)/(-2). Calculate d(p).
-5
Let h(t) = -12*t - 3 + 11*t - 2. Determine h(-6).
1
Let g(p) = -p**3 + 7*p + 17 + 10*p**2 - 4*p**2 - 37 + 27. Determine g(7).
7
Let m(t) = -t**2 + t. Let n = 5 - 2. What is m(n)?
-6
Let p(s) be the third derivative of -s**7/5040 - s**6/180 - s**5/20 + s**2. Let l(b) be the third derivative of p(b). Suppose -5 - 15 = 5*f. Calculate l(f).
0
Let o(r) = -r**2 + 7*r - 2. Let p(d) = -7*d + 1. Suppose 2*c + i = 0, -4*c + 5*i + 1 = 15. Let g be p(c). Let h = -3 + g. Give o(h).
8
Let w(i) = i**3 + i**2 - 1. Let z(f) = 4*f**3 + 6*f**2 + 3*f - 1. Let c(o) = -3*w(o) + z(o). What is c(-3)?
-7
Suppose w = 3*f - 7, f - 3*w - 6 = w. Let d(u) = 4*u + 2. Let x(b) = -4*b - 1. Let y(k) = 2*d(k) + 3*x(k). Give y(f).
-7
Let j(v) = -6*v + 2 - 4 - v**3 - 7*v**2 + 5. Suppose -4*q + 12 = -0*q. Suppose -4*f = -q*x + 2, 4*x + 15 = -x + 3*f. Calculate j(x).
3
Suppose -4*u + 5*u - 3*v = -8, 4*u = -5*v + 19. Let s(g) be the third derivative of -13*g**5/60 - g**4/24 + g**3/6 - g**2. Calculate s(u).
-13
Suppose 3*w + 4 = 16. Let d(x) = 0*x + 0*x - x**2 + w - 2*x + 4*x. Give d(4).
-4
Let t(l) = -18*l**2 + 7*l - 3. Let b(q) = -9*q**2 + 3*q - 1. Let u(h) = 5*b(h) - 2*t(h). Give u(-1).
-9
Let q(c) = 2*c. Let b(f) = 14*f**3 + 26*f**2 - 12*f + 9. Let j(s) = -5*s**3 - 9*s**2 + 4*s - 3. Let z(v) = -6*b(v) - 17*j(v). Let g be z(2). What is q(g)?
2
Let k(r) = -5*r + 2. Suppose 0 = -65*y + 67*y - 4. Calculate k(y).
-8
Let r(w) = w**3 - 4*w**2 - 3*w. Let m be (-1)/(5/50*-2). Calculate r(m).
10
Suppose 3*d + 0*d = 5*u + 4, 0 = 3*d - u - 20. Let x(a) = a**2 - 8*a - 4. Give x(d).
-4
Let i(j) = j**2 - 1. Suppose 5*u + 3*c = 3 + 5, 0 = 2*u - c - 1. Let x be i(u). Let z(l) be the first derivative of l**3/3 - l**2/2 - 2*l + 1. Determine z(x).
-2
Let m(j) = 0 - 2*j + j + 6. Suppose 0 = -5*t + 3*t. What is m(t)?
6
Suppose 2*c + 2*i = -3*c - 22, -5*i - 5 = 0. Let q be (0 + 0)*2/c. Let r(l) = l**2 + l - 10. Give r(q).
-10
Let z(s) = -s**3 - 2*s**2 + 4*s + 1. Suppose -4*v + 47 = 5*q, 0*q + 4*q - 12 = 0. Suppose 4*j + v = -l - j, 2*j = 2*l + 4. What is z(l)?
-2
Let m(t) = -t. Suppose k + 4*k = 45. Let r = k + -5. Let n(c) = c**2 - 3*c + 1. Let x be n(r). What is m(x)?
-5
Let s(t) = t**3 - 5*t**2 + 2*t - 1. Suppose 3*b - 11 - 4 = 0. Let j be (4/b)/(4/10). What is s(j)?
-9
Let z(j) be the third derivative of -j**6/120 - j**5/15 + j**4/4 - j**3/3 - j**2. Let i be (-7)/(21/30) - -5. What is z(i)?
-7
Let m(a) = -a - 1 + 3 - 1 + 2*a. Suppose 0 = -0*l - l + 5. Suppose -2*q = 2*h, -4*h - l*q + 3 = 6. What is m(h)?
4
Let g be (-1)/2 + 21/14. Let u be -3 + (-6)/3*g. Let s(z) = -5 - 2 - z + 4. Give s(u).
2
Let g = -11 - -24. Let z = g + -12. Let m(q) = 3*q - 1. Determine m(z).
2
Let b(n) = n - 4*n**2 - 2 + 3*n**2 + 3. Let a be 4/(-24) - (-38)/12. Calculate b(a).
-5
Let s(b) = b**2 + b + 7. Let n(q) = -2*q - 2. Let g be n(-2). Let h be 3 + (0 - 1) - g. Let w = h + 0. What is s(w)?
7
Let l(y) = y**3 - 3*y**2 - 2*y + 3. Suppose -k - 5*p = -0*k + 17, -p = -3*k + 13. Determine l(k).
-3
Let z(k) = k**3 - 6*k**2 + 7*k - 6. Let q be 1 + 6*4/6. What is z(q)?
4
Let w(z) = z**2 - z + 12. Let h = -84 + 84. Calculate w(h).
12
Let o(v) = -6*v. Suppose 0 = -15*g + 12*g - 3. What is o(g)?
6
Let t(g) = 2*g + 5. Let h(r) = -5*r - 11. Let k(x) = -4*h(x) - 9*t(x). Give k(-6).
-13
Suppose -2*k = -0 + 12. Let p(f) = f**2 + 5*f + 1. What is p(k)?
7
Suppose 0 = -m + 3*m. Let q(w) = w**2 + w + 4*w + m + 3. Suppose 0 = -3*z + 4 - 13. Determine q(z).
-3
Let j = 20 - 22. Let m(a) = a**3 + 3*a**2 + 3*a + 2. Calculate m(j).
0
Suppose 4 = m + d + 3, 4*m + 5*d - 1 = 0. Suppose 2*r + 2*s + 2 = 0, -4*r = -3*r + 5*s + 17. Let c(y) = -r*y**3 + 5*y**2 + 7 - 6*y + 2*y**3 - 4. Determine c(m).
-5
Suppose -16 = 2*p + 3*u + 9, -3*p - 30 = 3*u. Let f(s) = s + 2. Let q(z) = z + 3. Let j(i) = -3*f(i) + 2*q(i). Give j(p).
5
Let d(f) be the first derivative of f**4/4 + 2*f**3 - 5*f + 9. What is d(-6)?
-5
Let c(o) be the first derivative of o**4/4 - 8*o**3/3 + 7*o**2/2 + 2*o - 11. Determine c(7).
2
Let o = 6 + -1. Let x(h) be the third derivative of -h**6/120 + h**5/12 - h**4/24 - h**2. What is x(o)?
-5
Let v(l) = l**3 + 6*l**2 + 6*l + 4. Let u = -1 + -4. Determine v(u).
-1
Let j(h) = -h**2 - 3*h + 3. Let n be 16/12*6/4. Suppose 4*b + 165 = 3*k, 4*b - 124 = 7*b - n*k. Let u be b/11 + (-4)/22. Give j(u).
-1
Let i(j) = -3*j + 3*j**2 + 5 - 5*j**2 - 4*j. Let z(q) = 4*q**2 - 3*q**2 - 2 + 6*q - 3*q. Let b(r) = 3*i(r) + 7*z(r). Determine b(-1).
2
Suppose -4*v = -3*l - 11, -4*v + 8 = l + 1. Let x(s) = s**3 - 2*s**2 + 3*s - 2. Let n be x(v). Let m(h) = h**2 - 5*h. Calculate m(n).
-4
Let m(l) = -l + 1. Suppose 0 = 5*h - 5*j - 25, 2*h - 12 + 2 = 3*j. Suppose 4*g = 3*p + h, -2*p = 4*g - 7*p - 3. What is m(g)?
-1
Let k(l) = 9*l**2 - 1. Suppose 0 = 2*s - 13 + 3. Suppose -2*q = -4 - 2. Suppose -20 = s*n, 19 = f + q*n - 8*n. Give k(f).
8
Let k(i) be the second derivative of 1/2*i**3 + i**2 - 4*i + 0 - 1/12*i**4. Calculate k(3).
2
Let z(v) = v**3 + 7*v**2 + 7*v + 7. Let t be z(-6). Let a(m) = -t + m**3 - 6*m**2 + 2*m**2 + 3*m**2 + 2*m**2. Let o be (2 + -3)*(1 + 0). What is a(o)?
-1
Suppose 0 = -10*a - 4*a. Let z(q) = 2*q**3 + 2*q**3 + 3 - 5*q**3 - q**2. Determine z(a).
3
Let n be (5 - 423/81) + (-2)/(-9). Let k(a) = a**3 + a**2 + a - 9. Determine k(n).
-9
Let l = -8 + 16. Suppose 3*h + h - l = 0. Let n(k) = 2*k**2 - k + 1. Determine n(h).
7
Let o(i) = 2*i**3 + 3*i**3 + 4*i**2 + 0*i**3 - 3 - 2*i - 6*i**3. Determine o(4).
-11
Let d = -5 + 10. Let m(c) be the third derivative of -c**5/60 + c**4/4 - c**3/6 - 38*c**2. What is m(d)?
4
Suppose -31 = -4*h + 9. Suppose 4*c + c - h = 0. Let i(s) be the first derivative of -3*s**2/2 + s - 2. What is i(c)?
-5
Let q(g) = -2*g**3 - 12*g**3 + 0*g**3. What is q(1)?
-14
Suppose -5*q - 11 = -1. Let r be 4/(-18) - 56/(-9). Let n(w) = w - 3 + 2*w + w - r*w - w**3. Determine n(q).
9
Suppose -7*o = -4*o + 3. Let l(w) be the first derivative of 5*w**4/4 + w**2 + w + 5. Give l(o).
-6
Let g = 16 - 20. Let i(m) = -m**2 - 3*m - 2. Calculate i(g).
-6
Let j(t) = -t**2 + 1. Let y be 30/18*(1 + 2). Suppose 3 = -2*k + y. Calculate j(k).
0
Let y(s) = -s**2 - s. Let c = -4 - -6. Let p be (0 - c)*(-12)/(-8). Calculate y(p).
-6
Let y(g) be the second derivative of -g**4/4 + g**3/2 + 3*g**2/2 - 18*g. Determine y(3).
-15
Let a(p) = -2*p - 5. Suppose -53*g + 48*g - 30 = 0. Determine 